{"id":1004,"date":"2025-02-10T11:32:12","date_gmt":"2025-02-10T11:32:12","guid":{"rendered":"https:\/\/edition.accessucces.com\/?post_type=product&#038;p=1004"},"modified":"2025-02-10T11:32:12","modified_gmt":"2025-02-10T11:32:12","slug":"les-immortels-michael-korda","status":"publish","type":"product","link":"https:\/\/edition.accessucces.com\/?product=les-immortels-michael-korda","title":{"rendered":"Les immortels-MICHAEL KORDA"},"content":{"rendered":"","protected":false},"excerpt":{"rendered":"<p>Leurs regards se crois\u00e8rent pour la premi\u00e8re fois un soir d&rsquo;\u00e9t\u00e9 1954.<br \/>\n\u00a0\u00bb A l&rsquo;instant m\u00eame, \u00e9crit le narrateur, je sus qu&rsquo;il y aurait des complications. \u00a0\u00bb John \u00e9tait de passage chez des amis, dans une villa de Beverly Hills. Le sourire et le charme du jeune s\u00e9nateur milliardaire \u00e9lectrisait l&rsquo;assembl\u00e9e californienne qui se pressait au bord de la piscine. Soudain, il y eut un silence th\u00e9\u00e2tral. John se retourna et vit celle qui venait de l&rsquo;\u00e9clipser. Marilyn portait une robe moulante noire et scintillante, une \u00e9tole de renard blanc et un sac \u00e0 main bon march\u00e9.<br \/>\nElle avait l&rsquo;air triste et d\u00e9sempar\u00e9 d&rsquo;une petite fille \u00e9gar\u00e9e parmi les grandes personnes. \u00a0\u00bb My God ! \u00a0\u00bb murmura simplement John Kennedy. La plus extraordinaire histoire d&rsquo;amour du XXe si\u00e8cle venait de commencer. \u00a0\u00bb Si vous croyez tout savoir sur John Kennedy, Marilyn et Robert Kennedy, d\u00e9trompez-vous. Michael Korda nous donne sa version de l&rsquo;histoire dans un roman impossible \u00e0 l\u00e2cher. \u00ab\u00a0<\/p>\n","protected":false},"featured_media":1005,"comment_status":"open","ping_status":"closed","template":"","meta":{"_surecart_dashboard_logo_width":"180px","_surecart_dashboard_show_logo":true,"_surecart_dashboard_navigation_orders":true,"_surecart_dashboard_navigation_invoices":true,"_surecart_dashboard_navigation_subscriptions":true,"_surecart_dashboard_navigation_downloads":true,"_surecart_dashboard_navigation_billing":true,"_surecart_dashboard_navigation_account":true,"_uag_custom_page_level_css":"","site-sidebar-layout":"default","site-content-layout":"","ast-site-content-layout":"default","site-content-style":"default","site-sidebar-style":"default","ast-global-header-display":"","ast-banner-title-visibility":"","ast-main-header-display":"","ast-hfb-above-header-display":"","ast-hfb-below-header-display":"","ast-hfb-mobile-header-display":"","site-post-title":"","ast-breadcrumbs-content":"","ast-featured-img":"","footer-sml-layout":"","theme-transparent-header-meta":"default","adv-header-id-meta":"","stick-header-meta":"","header-above-stick-meta":"","header-main-stick-meta":"","header-below-stick-meta":"","astra-migrate-meta-layouts":"set","ast-page-background-enabled":"default","ast-page-background-meta":{"desktop":{"background-color":"","background-image":"","background-repeat":"repeat","background-position":"center center","background-size":"auto","background-attachment":"scroll","background-type":"","background-media":"","overlay-type":"","overlay-color":"","overlay-opacity":"","overlay-gradient":""},"tablet":{"background-color":"","background-image":"","background-repeat":"repeat","background-position":"center center","background-size":"auto","background-attachment":"scroll","background-type":"","background-media":"","overlay-type":"","overlay-color":"","overlay-opacity":"","overlay-gradient":""},"mobile":{"background-color":"","background-image":"","background-repeat":"repeat","background-position":"center center","background-size":"auto","background-attachment":"scroll","background-type":"","background-media":"","overlay-type":"","overlay-color":"","overlay-opacity":"","overlay-gradient":""}},"ast-content-background-meta":{"desktop":{"background-color":"var(--ast-global-color-5)","background-image":"","background-repeat":"repeat","background-position":"center center","background-size":"auto","background-attachment":"scroll","background-type":"","background-media":"","overlay-type":"","overlay-color":"","overlay-opacity":"","overlay-gradient":""},"tablet":{"background-color":"var(--ast-global-color-5)","background-image":"","background-repeat":"repeat","background-position":"center center","background-size":"auto","background-attachment":"scroll","background-type":"","background-media":"","overlay-type":"","overlay-color":"","overlay-opacity":"","overlay-gradient":""},"mobile":{"background-color":"var(--ast-global-color-5)","background-image":"","background-repeat":"repeat","background-position":"center center","background-size":"auto","background-attachment":"scroll","background-type":"","background-media":"","overlay-type":"","overlay-color":"","overlay-opacity":"","overlay-gradient":""}}},"product_brand":[],"product_cat":[22],"product_tag":[62,63,64,61,65,66],"class_list":{"0":"post-1004","1":"product","2":"type-product","3":"status-publish","4":"has-post-thumbnail","6":"product_cat-roman","7":"product_tag-editions-belfond","8":"product_tag-litterature-francaise","9":"product_tag-paris-france","10":"product_tag-roman","11":"product_tag-societe-nouvelle-firmin-didot","12":"product_tag-traduit-de-lamericain-par-marc-barbe","13":"desktop-align-left","14":"tablet-align-left","15":"mobile-align-left","17":"first","18":"instock","19":"virtual","20":"purchasable","21":"product-type-simple"},"aioseo_notices":[],"uagb_featured_image_src":{"full":["https:\/\/edition.accessucces.com\/wp-content\/uploads\/2025\/02\/MICHAEL-KORDA.jpg",210,358,false],"thumbnail":["https:\/\/edition.accessucces.com\/wp-content\/uploads\/2025\/02\/MICHAEL-KORDA-150x150.jpg",150,150,true],"medium":["https:\/\/edition.accessucces.com\/wp-content\/uploads\/2025\/02\/MICHAEL-KORDA-176x300.jpg",176,300,true],"medium_large":["https:\/\/edition.accessucces.com\/wp-content\/uploads\/2025\/02\/MICHAEL-KORDA.jpg",210,358,false],"large":["https:\/\/edition.accessucces.com\/wp-content\/uploads\/2025\/02\/MICHAEL-KORDA.jpg",210,358,false],"1536x1536":["https:\/\/edition.accessucces.com\/wp-content\/uploads\/2025\/02\/MICHAEL-KORDA.jpg",210,358,false],"2048x2048":["https:\/\/edition.accessucces.com\/wp-content\/uploads\/2025\/02\/MICHAEL-KORDA.jpg",210,358,false],"woocommerce_thumbnail":["https:\/\/edition.accessucces.com\/wp-content\/uploads\/2025\/02\/MICHAEL-KORDA-210x300.jpg",210,300,true],"woocommerce_single":["https:\/\/edition.accessucces.com\/wp-content\/uploads\/2025\/02\/MICHAEL-KORDA.jpg",210,358,false],"woocommerce_gallery_thumbnail":["https:\/\/edition.accessucces.com\/wp-content\/uploads\/2025\/02\/MICHAEL-KORDA-100x100.jpg",100,100,true]},"uagb_author_info":{"display_name":"Maimouna TOURE","author_link":"https:\/\/edition.accessucces.com\/?author=0"},"uagb_comment_info":0,"uagb_excerpt":"Leurs regards se crois\u00e8rent pour la premi\u00e8re fois un soir d'\u00e9t\u00e9 1954. \" A l'instant m\u00eame, \u00e9crit le narrateur, je sus qu'il y aurait des complications. \" John \u00e9tait de passage chez des amis, dans une villa de Beverly Hills. Le sourire et le charme du jeune s\u00e9nateur milliardaire \u00e9lectrisait l'assembl\u00e9e californienne qui se pressait\u2026","_links":{"self":[{"href":"https:\/\/edition.accessucces.com\/index.php?rest_route=\/wp\/v2\/product\/1004","targetHints":{"allow":["GET"]}}],"collection":[{"href":"https:\/\/edition.accessucces.com\/index.php?rest_route=\/wp\/v2\/product"}],"about":[{"href":"https:\/\/edition.accessucces.com\/index.php?rest_route=\/wp\/v2\/types\/product"}],"replies":[{"embeddable":true,"href":"https:\/\/edition.accessucces.com\/index.php?rest_route=%2Fwp%2Fv2%2Fcomments&post=1004"}],"wp:featuredmedia":[{"embeddable":true,"href":"https:\/\/edition.accessucces.com\/index.php?rest_route=\/wp\/v2\/media\/1005"}],"wp:attachment":[{"href":"https:\/\/edition.accessucces.com\/index.php?rest_route=%2Fwp%2Fv2%2Fmedia&parent=1004"}],"wp:term":[{"taxonomy":"product_brand","embeddable":true,"href":"https:\/\/edition.accessucces.com\/index.php?rest_route=%2Fwp%2Fv2%2Fproduct_brand&post=1004"},{"taxonomy":"product_cat","embeddable":true,"href":"https:\/\/edition.accessucces.com\/index.php?rest_route=%2Fwp%2Fv2%2Fproduct_cat&post=1004"},{"taxonomy":"product_tag","embeddable":true,"href":"https:\/\/edition.accessucces.com\/index.php?rest_route=%2Fwp%2Fv2%2Fproduct_tag&post=1004"}],"curies":[{"name":"wp","href":"https:\/\/api.w.org\/{rel}","templated":true}]}}